Let t(w) = 241*w**3 + 8*w**2 - 9*w - 5. Let z(l) = 9*o(l) - 2*t(l). What is z(2)?
41
Let i(k) = 3*k - 5. Let m be i(-8). Let y = -25 - m. Let x(c) = 8 + y + 24*c - 14*c - 12*c. Determine x(8).
-4
Let o(c) = -12*c + 13. Let n be (1/(-2))/(7 - (-679)/(-98)). Let d(b) = 10 + 4*b - 4 - 10*b. Let f(w) = n*d(w) + 3*o(w). What is f(2)?
9
Let z(h) = -h**2 - h + 1. Let q(r) = -4*r + 9. Let f(k) = -q(k) - z(k). Suppose 53 = -4*i - 3*o, -38*o + 35*o - 37 = 2*i. Determine f(i).
14
Let l be 9/(-2)*4/(-3). Let z(c) = -c**3 - 8*c**2 + 14*c + 149. Let w be z(-7). Let s(h) = 14*h - h**3 - 5*h - 4*h + 8 - l*h**w. Calculate s(-6).
-22
Let b(f) = -2*f**2 + 67*f - 47. Let o = -987 - -1020. Give b(o).
-14
Let r(x) = -x + 4 + 2*x + 1822*x**2 - 2*x + 6*x - 1818*x**2. Let j(p) = -p**2 - p - 2. Let d(o) = j(o) + r(o). What is d(-2)?
6
Let g be (-24)/(-108) - (-291)/27. Suppose -g*d = -24 - 31. Let b(c) = c - 5. What is b(d)?
0
Let s(h) = 27*h + 5*h**2 + 33 - 2*h**2 + 2*h**2 - 4*h**2. Let q be s(-26). Let i(f) be the first derivative of -f**3/3 + 4*f**2 - 6*f - 1. What is i(q)?
1
Suppose -4 = -n - y, -2*y - 9 = 3*n - 6*y. Suppose 7865*d + 48 = 7853*d. Let a(q) = -1. Let s(i) = -2*i + 6. Let r(u) = d*a(u) + n*s(u). What is r(7)?
-4
Let i(s) = 7*s - 39. Let p(d) = 725*d - 1444. Let k be p(2). Determine i(k).
3
Let c(s) be the first derivative of s**7/420 + s**6/180 - s**4/24 + 7*s**3 + 33. Let h(y) be the third derivative of c(y). Let w = -8 + 6. Calculate h(w).
-9
Let o(q) = -q**3 - q**2 + 1. Suppose -56*y + 52*y - 1932 = 0. Let h = y - -485. Calculate o(h).
-11
Let g = -595 + 599. Suppose -4*j - 24 = -4*n, -34 = g*n - 9*n + 3*j. Let q(x) = 2*x - 6. What is q(n)?
10
Suppose 7073 = 14*k + 7129. Let f(h) = -42*h - 172. Calculate f(k).
-4
Let s be (1/((-25)/(-510)))/(12/40). Let c = 77 - s. Let l(q) = -q**3 + 8*q**2 + 10*q + 2. What is l(c)?
11
Let i(c) = 8 + 1320*c**3 - 2649*c**3 - 4 + 1330*c**3 + c - 3*c**2 - 3*c. Calculate i(4).
12
Suppose -48 - 202 = 50*j. Let u be j/(5/(-9))*9/(-27). Let v(f) = -f**2 + 5. Give v(u).
-4
Let r(j) = -j**3 + 3*j**2 + 2*j + 3. Let p(l) be the third derivative of -l**6/120 - 3*l**5/10 - l**4/12 - 16*l**3/3 - 90*l**2. Let i be p(-18). Determine r(i).
-5
Let l(j) be the third derivative of -j**6/120 + j**5/12 + j**4/3 + 25*j**3/3 + 5678*j**2. Calculate l(7).
8
Let r(s) = 461*s - 3234. Let b be r(7). Let i(m) = m + 39. Calculate i(b).
32
Let j(k) = k. Let a be 1/(-2)*(4 - 34). Suppose -2*u + 0*d - d = 52, u - 5*d + a = 0. Let c = u - -29. Determine j(c).
4
Let i(k) = -k**2 + 11*k + 348. Let v(f) = -5*f + 5. Let x be v(-4). What is i(x)?
-2
Let d(b) = -20*b - 3. Let m(s) = 7*s + 1. Let a(u) = d(u) + 3*m(u). Let n be 1/3 - (-11)/3. Let o be 0/(-2) - (-1 + n). Determine a(o).
-3
Suppose a + 10 + 45 = k, 3*a = -2*k + 95. Let h(z) = -k*z + 50*z - 4*z**2 + 4 - 6. Give h(-2).
-14
Suppose -5*l + 2*s = -15, -l + 8*s - 7*s = -6. Suppose 0 = -n - 3*x + l, -12*n - 23 = -9*n - 4*x. Let t(h) = -h**2 - 6*h - 6. What is t(n)?
-1
Let c be 11/((-44)/(-21)) - (-3)/4. Suppose 11*t = -c*t + 68. Let r(p) = p**2 - 6*p + 3. Give r(t).
-5
Let q(h) = 10*h**3 + h - 2. Let r(g) = 17*g + 137. Let z be r(-8). Let y be q(z). Let s(k) = -k**3 + 8*k**2 + 12*k - 13. What is s(y)?
14
Let g(i) = -29*i**3 - 8*i**2 + 45*i + 18. Let l(b) = -35*b**3 - 7*b**2 + 46*b + 19. Let h(x) = 6*g(x) - 5*l(x). What is h(7)?
-1
Let x(v) = -v - 5. Let f(u) = 25*u - 107. Let y be f(5). Let o = -18 - -27. Let s = o - y. Determine x(s).
4
Let k(g) = g**3 - 22*g**2 - g + 13. Let o(u) = -u**3 - 29*u**2 - 18*u - 1418. Let r be o(-30). Give k(r).
-9
Let c(l) = 5*l - 35. Let w = 7859 - 7867. Determine c(w).
-75
Let c(r) = 3*r**3 + 5*r**2 - 13*r + 16. Let k(o) = -2*o**3 - 6*o**2 + 12*o - 15. Let t(u) = -3*c(u) - 4*k(u). Let n = -178 + 186. Determine t(n).
4
Let l(w) = 5*w**2 - 1. Let v be l(1). Suppose -19 = -2*x - 5*z - 31, -5*z = -5*x + 40. Suppose -v*p = 2*p - x*p. Let r(o) = o + 2. What is r(p)?
2
Let j(w) = w**2 + 5*w - 92. Let a(i) = -i**2 - 3*i + 72. Let t(u) = -4*a(u) - 3*j(u). Determine t(6).
6
Let h = 92 + -86. Suppose c + 1 - h = 0. Let f(t) = 33*t**2 + 8*t**3 - 9*t**3 + 6 - 28*t**2. Give f(c).
6
Let x(a) = 6*a - 9. Let r(z) = z - 1. Let v(p) = p**2 - 6*p + 7. Let f be v(6). Let q = -21 + f. Let d(c) = q*r(c) + 2*x(c). Determine d(-3).
2
Let x(f) be the second derivative of -2*f**3/3 + 25*f**2/2 - 427*f + 3. What is x(10)?
-15
Suppose 2*v = 3*j - 589, -7*v - 581 = -3*j - 9*v. Let l(w) = -1 - j*w + 108*w + 105*w. Suppose 0*o + 1 = 3*o + 2*c, 4 = 2*c. What is l(o)?
-19
Let v(z) = 5*z**2 + 368*z + 581. Let c be v(-72). Let q(n) = n**3 - 4*n**2 - 11. What is q(c)?
14
Let w(b) be the first derivative of 6*b**2 + 8*b - 112. Let l(t) = -2. Let d(c) = 5*l(c) + w(c). Determine d(-3).
-38
Let t(b) = b**3 + 23*b**2 + 21*b - 5. Let a = 8879 - 8901. Give t(a).
17
Let t = -49 + 53. Suppose w - k + 0 = 14, -t*w = -k - 68. Let u be (-5 + 7/3)*w/8. Let n(x) = -x - 10. Calculate n(u).
-4
Suppose 0 = 3*g + 2*g - 30. Suppose 53 + 18 + 37 = 54*f. Let d(j) = j**2 - g*j + 4 + 9*j - f*j. Determine d(-3).
10
Let z(u) = u + 1. Let h(s) = -2*s**2 + 3*s + 4. Let p(f) = -h(f) + 6*z(f). Let b be -5 + 33/7 + 401/7. Let d = b + -59. Determine p(d).
4
Let b(h) = -2*h - 11. Suppose -5*k - 11*w = -10*w - 22, -w = k - 2. Determine b(k).
-21
Suppose -3*a - 57 = -117. Let k be (4/20 - 1)/(8/a). Let i(z) = 2*z. Determine i(k).
-4
Let t = 371 - 349. Suppose -t*q = -0*q + 110. Let i(a) = a**3 + 5*a**2 - 3*a - 10. Calculate i(q).
5
Let h = -38 - -27. Let b = h - -8. Let c(t) be the first derivative of t**2/2 + 4*t - 94583. Calculate c(b).
1
Let p(v) = 75*v**2 - 5*v + 13. Let n(r) = -29*r**2 + 2*r - 6. Let y(t) = 5*n(t) + 2*p(t). Calculate y(-2).
16
Let t(f) = 3*f**2 - f - 6. Let v be ((-192)/(-144))/(5/15). Calculate t(v).
38
Let c(j) = 3*j**3 + 2*j - 2. Let r be c(1). Suppose -6 + r = -z. Let k(f) = 14*f**z + 20*f**2 - 40*f**2 + 21*f**2 - f. Calculate k(1).
14
Suppose -4*f = 5*d, -d + 0 = f + 1. Suppose 2*o + 2 = 2*t, 2*t = d*o + 7*t - 23. Let y(m) = -7*m + 4*m + m**3 + 0*m**3 - m + 3*m**o. Calculate y(-4).
0
Let j(n) = -5 - 21*n - 7*n**2 - 23*n + 46*n - 2*n**3. Let y be j(-4). Let a(m) = 14 + y*m**2 - 7 - 5. Calculate a(-2).
14
Let s(p) = -p**2 - 2*p + 1. Let v be s(-3). Let n(g) = -26*g - 29*g - 30*g - 28*g + 103*g. Calculate n(v).
20
Let p(y) = 12*y**3 + y**2 + y - 1. Let f(t) = -2*t - 37. Suppose 2*w + 2*j = -52, -3*w - 2*w = -5*j + 80. Let i be f(w). Suppose -3 - 2 = -i*m. Determine p(m).
13
Let y(h) = -7*h**3 - 10*h**2 - 36*h + 26. Let w(x) = 2*x**3 - x**2 + x. Let z(n) = 3*w(n) + y(n). Determine z(-9).
-1
Let s = 36 - 34. Let v(y) = -101*y - 4 - 101*y + 202*y - 8*y**s - y**3. Give v(-8).
-4
Let y be 3/(-5) - 441/(-35). Let l be y*(-3)/9*-2. Let k(b) = -2*b**2 + b**2 - l + 17*b - 25*b + 14*b. Calculate k(6).
-8
Let n(t) be the third derivative of -31*t**4/24 + 11*t**3/6 - 3*t**2 + 486*t - 1. Give n(3).
-82
Let c(b) = 2*b**2 - 8*b - 8. Let g(l) = 2*l**2 - 7*l - 7. Let m(x) = 5*c(x) - 6*g(x). Let p = -115 - -117. Determine m(p).
-2
Let u be (-1)/(-1) + -3 - -4. Let f(h) = 11*h**2 + 4*h - 2*h - 12*h**u + 10*h**3 - 1. Let a(v) = v - 11. Let w be a(12). Determine f(w).
10
Let w(s) = -9*s**2 - 4*s**3 + 0 - 7 + 2*s**3 - 1 + s**3. Suppose -27 = 3*i - 0. What is w(i)?
-8
Let c(l) = 66*l + 393. Let y be c(-6). Let p(i) = -5*i - 18. Calculate p(y).
-3
Let w(x) = -x**3 + 11*x**2 - 9*x + 93. Suppose -175*k + 2485 = 560. What is w(k)?
-6
Let m(n) be the third derivative of -n**4/8 - 37*n**3/3 - 1356*n**2. What is m(-17)?
-23
Let p be (-20)/5*(-1 - 0). Let o(b) = 20*b - 27. Let k(r) be the first derivative of 7*r**2/2 - 9*r - 103. Let h(j) = 17*k(j) - 6*o(j). Calculate h(p).
5
Suppose x = -3*x - 3*c + 2, 5*c = -2*x - 6. Let q = 678 - 249. Let u(b) = 429 - q + 6*b. What is u(x)?
12
Let b = 124 + -127. Let l(q) = -15*q**3 - 16*q**2 + q - 24. Let y(p) = -13*p**3 - 14*p**2 + p - 20. Let a(v) = -6*l(v) + 7*y(v). Give a(b).
10
Let m(r) = -r**3 - 6*r**2 + 7*r + 10. Let l(k) = -7*k - 111. Let b be l(-15). Let s be (42/(-9))/((-4)/b). Give m(s).
10
Let x be 6/(5 - 296/64). Let f(g) = -x*g + 44*g - 22*g - 16*g. What is f(1)?
-10
Let b(u) = -12*u**3 + 15*u + 9 - 4*u**2 - 3*u**2 + 11*u**3 + u**2 - 6*u**2. Determine b(-13).
-17
Suppose -r = -g + 7, 0 =